the prime factors of l.
2, 3, 13, 31
Let b be 2/(-4) - 304/(-32). Suppose 5*v - 3*d - 9 = 0, -4*d + b*d + 15 = 5*v. Let n(k) = 2*k + 102. What are the prime factors of n(v)?
2, 3, 17
Suppose 2*z = 5*y + 9, 5*z + 3*y - 5 - 2 = 0. Suppose 36 = z*v + 26. Let x(i) = 14*i - 6. What are the prime factors of x(v)?
2
Suppose 37*s - 33*s - 1340 = 0. List the prime factors of s.
5, 67
Let n be 2/(-3) - 60/(-9). Suppose 0*a = -n*a + 12. List the prime factors of 0 + (0 - (-5 + a)).
3
Let o(l) = l**3 - 8*l**2 - 4*l - 18. Let s be o(7). Let g(r) = -3*r**3 + 3*r**2 - 3*r + 4. Let i be g(-3). Let b = s + i. List the prime factors of b.
2, 13
Let s = 14614 + 23795. List the prime factors of s.
3, 7, 31, 59
Suppose 61*l - 59*l + 210 = 0. Let p = l - -291. List the prime factors of p.
2, 3, 31
Let m = -30 + 25. Let i(z) = -70*z + 10. Let q be i(m). Suppose -2*w + 5*g = -7*w + q, 5*w - g - 372 = 0. List the prime factors of w.
2, 37
Let q(i) = 9*i**2 + 17*i - 115. Let y be (-49)/(-40)*5 - (-1)/(-8). List the prime factors of q(y).
311
Let s(z) = -z**3 + 4*z**2 + 18*z - 15. Let y be s(6). Suppose -32*a + 10989 = -y*a. List the prime factors of a.
3, 37
Suppose -6*i + 7*i + 7 = 0. Suppose -2*v - 9 + 31 = -3*n, -5*n - v = 15. List the prime factors of -5*(i - n - 2*-1).
5
Suppose -2*r = 4*d - 186238, 5*d - 82054 = r + 150712. What are the prime factors of d?
5, 9311
Suppose -2*x + 2 = 5*v, 2*x + 3 = -2*v - 1. Suppose 2*h + v*r - 114 = -2*r, 4*r - 65 = -h. What are the prime factors of h?
7
Suppose -55*b = 5*r - 59*b - 187751, 4*r - 5*b = 150190. List the prime factors of r.
5, 7, 29, 37
Let t be (10/6)/(8/576*8). What are the prime factors of 10/4*(767 - (t + -6))?
5, 379
Suppose -37185 = -5*n + x, 29748 = 4*n + 2*x + x. Suppose -u = -2*k - 1206, 0 = 5*u + k - n + 1451. Suppose -19*w + 4635 = -u. List the prime factors of w.
307
Let h = -7138 - -15174. What are the prime factors of h?
2, 7, 41
Suppose -2*j + 4*j - 2*d + 60 = 0, 0 = 5*j + 3*d + 150. Let l be 12/j + 537/5. Let a = -76 + l. List the prime factors of a.
31
Suppose 3*q = y - 3846, -3*y + 11598 = -6*q + 7*q. What are the prime factors of y?
2, 3, 7, 23
Let r(o) = -1960*o - 3706. List the prime factors of r(-18).
2, 15787
Suppose 0*m + 20 = 10*m. Suppose 18*l - 249 = 15*l. Suppose 4*k + m*u - l = 3*u, -5*k = -5*u - 85. List the prime factors of k.
2, 11
Let y = -1194 + 3057. What are the prime factors of y?
3, 23
Let c(q) = -4 + 3 - 5*q**3 + 3 + 2*q. Let j(k) = 2*k**2 - 15*k - 11. Let p be j(8). What are the prime factors of c(p)?
131
Suppose 2*z = 16, -547*z - 333294 = -6*f - 544*z. List the prime factors of f.
73, 761
Suppose 5*v - 140 = -2*v. Let p(n) = n**2 - 18*n + 5. List the prime factors of p(v).
3, 5
Let v = 18209 + 16762. What are the prime factors of v?
3, 11657
Let b be 77/21 - (2/3 - 0). Suppose -3*t + 3 = -2*g, -2*t - t - b*g = -3. What are the prime factors of ((-4)/(-5))/(t/120)?
2, 3
Let j = -335 + 260. What are the prime factors of ((-102)/9)/2*j?
5, 17
Suppose -7396 = -3*r + 2*m, m + 1571 = r - 895. Suppose 2*b + r = 16*b. List the prime factors of b.
2, 11
Let g(n) = -37*n**3 + n**2 - 3. Let q be g(-5). Suppose 20827 - q = 20*o. What are the prime factors of o?
809
Let n be 18/(-27)*(2 - -1). What are the prime factors of n/(-8) + (57150/8)/9?
2, 397
Let t(n) = 3*n**2 + 25*n - 1747. What are the prime factors of t(50)?
47, 149
Let c = -8 - 30. Suppose 3*k - 3*q + 149 + 139 = 0, -2*q = 2*k + 180. Let z = c - k. List the prime factors of z.
5, 11
Suppose 41878 = 19*v - 14*v - 59702. List the prime factors of v.
2, 3, 1693
Let d = 8 + -37. Let v = 47 + d. List the prime factors of (-96)/v*2*(-9)/2.
2, 3
Suppose 20*h = 45*h - 43*h + 20916. What are the prime factors of h?
2, 7, 83
Suppose 20*i - 25543 = -5*x + 23*i, 4*i + 15328 = 3*x. What are the prime factors of x?
2, 1277
Let i = 6263 - 4730. List the prime factors of i.
3, 7, 73
Let l(x) = -5*x + 121. Let m be l(21). Let t(o) = -o**2 + 19*o + 3. Let f be t(18). Let b = f - m. List the prime factors of b.
5
What are the prime factors of (-2)/5 - (-72327)/5*(-13 - -14)?
5, 11, 263
Let a(c) = -c**2 + 9*c + 20. Let w be a(10). Suppose -w*u + 21*u = 3927. List the prime factors of u.
3, 7, 17
Let w be -4 + (27/(-12))/((-30)/800). Suppose 33*d - w*d = -16192. What are the prime factors of d?
2, 11
Suppose 4139 = -2*j + 3*l + 22573, 2*j = -5*l + 18402. Suppose j + 3839 = 15*o. List the prime factors of o.
2, 3, 5, 29
Let c = -5541 + 5551. Let r = -1 + -3. What are the prime factors of ((-28)/14)/(r/c)?
5
Let q = 5115 + -7940. Let w be q/(-10)*8/5. Suppose w = 4*a + 144. List the prime factors of a.
7, 11
Let b be -3*((-2)/8)/((-9)/(-48)). Suppose -b*z - 220 = -4*f - 0*z, 3*f = -z + 145. What are the prime factors of f?
2, 5
Let v = -36 - -38. Suppose -3*n + 72 = 3*m, -n - v = 2. Suppose 0 = 4*s - 0*s - m. List the prime factors of s.
7
Let p(o) = o**3 - 97*o**2 - 195*o + 656. List the prime factors of p(99).
953
Let w(c) be the third derivative of 16*c**5/15 - c**4/24 - 223*c**2. Suppose g = -5*o + 9, 2*o - 6*o + 8 = g. What are the prime factors of w(o)?
3, 7
Suppose -5*u - 9 + 54 = -3*t, -2*t + 22 = u. Suppose -u*h + 1625 = -7*h. List the prime factors of h.
5, 13
Suppose l + 3*q - 10 = -14, -4*q - 7 = l. Suppose 2*t - 4*t - 4*i = -162, 0 = -t - l*i + 75. What are the prime factors of t?
5, 17
Let l(a) = 397*a - 2799. List the prime factors of l(35).
2, 19, 73
List the prime factors of (-213537)/(-5) + (-268)/670.
7, 6101
Suppose 24*x + 10696 - 158104 = 0. List the prime factors of x.
2, 37, 83
Suppose -3*y - 5*y = -48. Suppose y*l - 45 = 11*l. What are the prime factors of ((-6)/l)/((-2)/(2 - 398))?
2, 3, 11
List the prime factors of -734*(-1 - (-132)/(-24)).
13, 367
Suppose 0 = 3*d + 4*h - 12483, 0*d + d + h = 4162. Suppose 6*m = 11*m - d. What are the prime factors of m?
7, 17
Let a(w) = 160*w**2 + 11*w - 27. List the prime factors of a(18).
3, 5779
Suppose 9*z - 4*z - 10*z = 0. Suppose -9*i + 7*i + 728 = z. Suppose -r - 2*n + 84 = 0, -n + i = 7*r - 3*r. What are the prime factors of r?
2, 23
Suppose -83*g - 42 = -90*g. Let d(j) = 81*j - 92. What are the prime factors of d(g)?
2, 197
Suppose 446 = 8*k - 106. Suppose 74*j = k*j + 5040. List the prime factors of j.
2, 3, 7
Let i = 64698 + -34332. What are the prime factors of i?
2, 3, 7, 241
Let i be 9*(7 - 95/15). Suppose -d = -3, 2*z + 3*d = -0*z + 49. Suppose -i*b - 238 = -z*b. What are the prime factors of b?
17
Let r(l) = -208*l - 3398. What are the prime factors of r(-72)?
2, 7, 827
Let r(m) = 25*m**3 - m**3 + 5*m**2 - 4 - 3*m**2 + 1. List the prime factors of r(2).
197
Suppose 28*m = 17215 + 1797. Suppose 9*y - m = 2*y. What are the prime factors of y?
97
Let w be (1 - 68) + (8 - 5). Let k = 619 + w. List the prime factors of k.
3, 5, 37
Let b(q) = q**2 - 11*q + 16. Let u be b(9). Let y be (-17)/u + (-55)/10 + 6. Suppose -3*o = y, 1164 = 5*m - 2*o - 172. What are the prime factors of m?
2, 7, 19
Let w = 11484 - 4810. What are the prime factors of w?
2, 47, 71
Suppose -l + 179 = -181. Suppose -l = -3*f + 1962. List the prime factors of f.
2, 3, 43
Suppose 0 = -p - 4, 3*j - 18 = -2*p + 58. Let d = -20 + j. Suppose 3*k - 2*n - d = 0, -2*k - 5*n = -3*k - 6. List the prime factors of k.
2
Suppose -3*l - 11605 = -2*z + 48527, 40 = -5*l. What are the prime factors of z?
2, 3, 5009
Let l = 1 + 25. Let v(d) = 168 - 178 - 12*d - l*d. What are the prime factors of v(-3)?
2, 13
Let u = -212 - -222. Suppose 110 = u*l - 0. List the prime factors of l.
11
Let y(b) = 32*b + 3. Suppose 4*r - 30 = 5*p, -4*r + 2*p + 24 = -0*p. Suppose -r*m + 6 = -3*m. List the prime factors of y(m).
3, 11
Let s = 165 - 81. Suppose 5*p = 6 + s. Suppose 0 = 6*j - 258 - p. What are the prime factors of j?
2, 23
Suppose 2*y = 4*r + 11 + 269, 2*y - 277 = 5*r. Let d = -3 - -5. Suppose 2*t - u - y = 0, -5*u + 91 + 43 = d*t. What are the prime factors of t?
2, 3
Let c = 9563 + -177. List the prime factors of c.
2, 13, 19
Suppose -2145 = -9*m - 2*m. Suppose 0 = 13*l - m - 14833. What are the prime factors of l?
2, 17
Let f(k) = -7*k + k**2 + 5*k**2 + 96 - 5*k**2 + 19*k. What are the prime factors of f(-27)?
3, 167
Suppose -8227*s + 38870 = -8204*s. What are the prime factors of s?
2, 5, 13
Suppose -7*p = -34 - 36. Let l b